nd 346629?
509
What is the greatest common factor of 105 and 105?
105
What is the highest common factor of 6193432 and 8?
8
Calculate the greatest common divisor of 12582152 and 88.
88
Calculate the highest common factor of 28853 and 22.
11
Calculate the highest common factor of 6298 and 536.
134
What is the highest common factor of 117 and 139455?
9
What is the greatest common divisor of 13 and 401?
1
What is the highest common divisor of 367710 and 105?
105
What is the highest common divisor of 115152 and 32?
16
Calculate the greatest common divisor of 78 and 43446.
78
Calculate the greatest common factor of 2812 and 2356.
76
What is the highest common factor of 816 and 1361394?
102
What is the greatest common factor of 65268 and 392?
196
Calculate the highest common divisor of 64064 and 22.
22
Calculate the highest common factor of 149744 and 147452.
764
What is the highest common factor of 17736 and 768?
24
What is the greatest common divisor of 45 and 36549?
9
Calculate the highest common divisor of 128926 and 14.
14
Calculate the greatest common factor of 2072 and 5032.
296
What is the highest common divisor of 46353 and 6?
3
What is the greatest common divisor of 114 and 21831?
57
Calculate the highest common divisor of 109 and 716675.
109
Calculate the highest common factor of 15818 and 913.
11
What is the highest common divisor of 205320 and 1305?
435
Calculate the greatest common divisor of 6318 and 46170.
486
Calculate the highest common factor of 52239 and 99.
33
Calculate the greatest common divisor of 16 and 13486000.
16
What is the highest common factor of 3444786 and 9?
9
What is the highest common factor of 23408 and 2288?
176
What is the greatest common factor of 307120 and 132?
44
What is the greatest common divisor of 111527 and 12682?
373
What is the highest common factor of 66 and 620994?
66
What is the greatest common factor of 61 and 2902?
1
Calculate the highest common factor of 1317454 and 194.
194
What is the highest common divisor of 13246 and 32?
2
What is the greatest common divisor of 620 and 226455?
155
What is the highest common divisor of 449049 and 18?
3
Calculate the highest common factor of 831 and 2194394.
277
Calculate the greatest common factor of 9 and 4296.
3
Calculate the greatest common factor of 10 and 445330.
10
Calculate the greatest common divisor of 29155 and 33271.
343
Calculate the highest common factor of 375 and 2001.
3
Calculate the highest common divisor of 4331 and 7881.
71
What is the highest common divisor of 4288 and 3072?
64
What is the highest common divisor of 502481 and 322?
161
Calculate the highest common factor of 118970 and 10.
10
What is the highest common divisor of 26090 and 160?
10
Calculate the highest common factor of 9062 and 1970.
394
What is the greatest common factor of 92 and 433182?
46
Calculate the highest common factor of 988 and 1248528.
76
What is the greatest common divisor of 169 and 59293?
13
What is the greatest common divisor of 52 and 1690156?
52
Calculate the greatest common divisor of 141684 and 384.
12
What is the highest common factor of 32 and 6508?
4
Calculate the greatest common factor of 37692 and 768.
12
Calculate the greatest common divisor of 1188068 and 604.
604
What is the highest common factor of 10348 and 416?
52
What is the highest common factor of 144314 and 118?
118
What is the highest common divisor of 136910 and 20?
10
Calculate the highest common factor of 15185 and 10.
5
Calculate the highest common factor of 498516 and 36.
12
Calculate the highest common divisor of 605681 and 73.
73
Calculate the greatest common divisor of 2110479 and 879.
879
What is the greatest common divisor of 72 and 6627312?
72
Calculate the greatest common divisor of 387586 and 18.
2
What is the highest common factor of 1905 and 45?
15
Calculate the greatest common factor of 652 and 116.
4
What is the highest common divisor of 164 and 18245?
41
Calculate the greatest common divisor of 934315 and 3015.
335
Calculate the greatest common factor of 9 and 373986.
9
What is the highest common divisor of 777 and 336?
21
Calculate the highest common factor of 157694 and 999.
37
What is the highest common factor of 70833 and 70?
7
Calculate the highest common divisor of 360 and 626160.
120
Calculate the greatest common factor of 14445 and 30.
15
Calculate the highest common factor of 14 and 101899.
7
Calculate the greatest common divisor of 200 and 347000.
200
What is the greatest common divisor of 210 and 1026690?
210
Calculate the highest common divisor of 65850 and 150.
150
Calculate the greatest common factor of 2 and 410258.
2
Calculate the highest common factor of 139 and 340411.
139
What is the greatest common factor of 2302648 and 76?
76
What is the highest common factor of 12896 and 12064?
416
Calculate the highest common factor of 256 and 69016.
8
What is the highest common divisor of 53913 and 6?
3
What is the greatest common divisor of 12 and 1373?
1
What is the highest common divisor of 214160 and 320?
80
Calculate the highest common divisor of 331338 and 138.
138
What is the greatest common factor of 58805 and 855?
95
What is the highest common divisor of 7 and 318213?
7
Calculate the highest common divisor of 1100 and 48004.
44
Calculate the highest common divisor of 815 and 1355345.
815
Calculate the greatest common divisor of 17241 and 5523.
21
Calculate the greatest common divisor of 92907 and 324.
81
What is the greatest common divisor of 30 and 20454?
6
Calculate the greatest common factor of 7859 and 38482.
271
Calculate the highest common factor of 38185 and 35.
35
Calculate the highest common factor of 56798 and 14.
14
Calculate the highest common divisor of 16857 and 144.
9
What is the greatest common factor of 416295 and 495?
495
What is the highest common factor of 266 and 393566?
38
Calculate the highest common divisor of 52 and 86684.
52
What is the greatest common factor of 15366 and 546?
78
Calculate the greatest common divisor of 6751 and 37496.
43
Calculate the highest common factor of 60 and 980004.
12
Calculate the highest common divisor of 42946 and 788.
394
What is the highest common divisor of 95757 and 59?
59
Calculate the highest common divisor of 99 and 5193.
9
Calculate the highest common factor of 105 and 23880.
15
Calculate the greatest common divisor of 168 and 1617.
21
Calculate the greatest common divisor of 5096 and 65.
13
What is the highest common factor of 464 and 366792?
232
What is the greatest common factor of 51372 and 900?
36
Calculate the greatest common divisor of 70 and 34265.
35
What is the greatest common divisor of 22470 and 1680?
210
Calculate the highest common divisor of 129891 and 1392.
87
What is the greatest common divisor of 14195 and 167?
167
Calculate the highest common divisor of 43247 and 177.
59
Calculate the highest common factor of 3122 and 1834.
14
What is the greatest common divisor of 2178 and 432696?
726
Calculate the highest common factor of 63700 and 2058.
98
Calculate the greatest common divisor of 2944 and 1564.
92
Calculate the highest common factor of 357 and 33327.
21
Calculate the highest common divisor of 97440 and 55.
5
Calculate the greatest common divisor of 2185 and 565340.
115
Calculate the highest common divisor of 748 and 897413.
187
What is the highest common factor of 102738 and 216?
6
What is the greatest common factor of 945 and 665?
35
What is the highest common divisor of 370 and 2405?
185
Calculate the highest common divisor of 35 and 1304555.
35
What is the highest common divisor of 103 and 412?
103
What is the greatest common factor of 89962 and 868?
62
Calculate the highest common divisor of 979 and 16533.
11
Calculate the highest common divisor of 108 and 11610.
54
Calculate the greatest common divisor of 105344 and 12800.
128
What is the highest common factor of 4611 and 493?
29
What is the greatest common factor of 9073 and 633?
211
What is the highest common divisor of 18904 and 16?
8
Calculate the highest common factor of 11172 and 98196.
588
Calculate the greatest common factor of 8876 and 132823.
317
What is the greatest common factor of 752 and 316874?
94
Calculate the greatest common divisor of 316 and 670394.
158
What is the greatest common factor of 